 + 3. What is the remainder when 37 is divided by t(-5)?
5
Suppose -19 + 15 = -j. What is the remainder when 13 is divided by j?
1
Let c(x) = -x**2. Let w(y) = 4*y**2 - 5*y - 6. Let d(a) = -5*c(a) - w(a). Let j = 12 + -8. What is the remainder when d(-5) is divided by j?
2
Let j = 18 - 5. Let h = j + -6. Let t = 15 - h. Calculate the remainder when t is divided by 5.
3
Suppose 5*k = -5*m + 115, m - 2*m - 3 = 0. What is the remainder when k is divided by 7?
5
Suppose 7*c + 24 = 402. Calculate the remainder when 267 is divided by c.
51
Calculate the remainder when (552/36)/(1/3) is divided by 12.
10
Suppose -23 + 5 = -3*n. Calculate the remainder when 6/(-8) - (-355)/20 is divided by n.
5
Let s = 628 + -597. Suppose 2*h - 10 = 2*b + 18, 0 = b - 3. Calculate the remainder when s is divided by h.
14
Suppose -278 = -8*j + 154. What is the remainder when 160 is divided by j?
52
Let c be 8/3*3 + -2. Let j(w) = 3*w - 6. Calculate the remainder when j(c) is divided by 7.
5
Let l = 35 - 30. What is the remainder when 17 is divided by l?
2
Let o = 182 + -90. Calculate the remainder when o is divided by 16.
12
Suppose 4 = w - 0. Let n = w + -1. Calculate the remainder when 8 is divided by n.
2
Suppose 5*h - 5*u = 45, h + 2*u + 13 = 2*h. Suppose 358 = h*k - 307. Suppose -k = -3*v + 41. What is the remainder when v is divided by 15?
13
Let a(z) = 8*z**2 + 4*z + 1. Calculate the remainder when 48 is divided by a(-2).
23
Let p(i) = -i - 3 + 4 + 0 - 6. Let u be p(-6). Calculate the remainder when 61 is divided by u/3 - 62/(-3).
19
Let a(i) = 5*i**2 - 4*i + 13. Let f(p) = 14*p**2 - 13*p + 39. Let o(x) = -17*a(x) + 6*f(x). Calculate the remainder when 37 is divided by o(-10).
11
Suppose 11*k - 9*k = 48. Suppose -f + k + 1 = 0. What is the remainder when f is divided by 9?
7
Let w be 408/(-18)*(-3)/1. Suppose 3*o = 6*o - 5*c - w, -2 = -c. Calculate the remainder when o is divided by 14.
12
Suppose 4*z - 324 = -2*b, 5*z = 3*b - 8*b + 405. What is the remainder when z is divided by 12?
9
Suppose -6*n + 10*n + 58 = 5*c, -n - 32 = -3*c. Suppose 2*x - 3*g - 15 = 0, 2*g = -3*x + 3*g + 12. Calculate the remainder when c is divided by x.
1
Calculate the remainder when 62 is divided by (-17 - 12/3)*(-1 + 0).
20
Suppose f - 79 = 4*t, 0 = -4*t - 9 - 3. What is the remainder when f is divided by 34?
33
Suppose 3*o - 2*p - 82 = -3*p, 4*o = -2*p + 110. Suppose 5*f - 63 = o. What is the remainder when 35 is divided by f?
17
Let d = 9 - 4. Suppose -5 = -d*q + 10. What is the remainder when (116/q)/((-6)/(-9)) is divided by 20?
18
Let z(t) = t**3 - 8*t**2 + 3*t - 3. Let p = 15 - 7. Let m be z(p). Let d = m - -4. Calculate the remainder when d is divided by 13.
12
Let o = 12 + -5. Suppose 4*h - 41 - 11 = 0. What is the remainder when h is divided by o?
6
What is the remainder when 86 is divided by (-22)/3*15/(-10)?
9
Suppose -3*n - 2*s = 2*n - 103, 4*s = 5*n - 79. Let q = 15 + -5. What is the remainder when n is divided by q?
9
Suppose 0 = -4*k + 80 - 16. Suppose 4*l = s - 3*s + k, 0 = 5*s + l - 49. Calculate the remainder when 37 is divided by s.
7
Let v(f) = -2*f + 69. What is the remainder when v(0) is divided by 12?
9
Suppose 0 = -5*n + 11 + 54. Let r(p) = -13*p - 29. What is the remainder when r(-5) is divided by n?
10
Suppose -36 = -3*b + 21. What is the remainder when b is divided by ((-14)/4)/((-1)/2)?
5
Suppose -4*a + 2*p + 4 = -250, -2*p - 316 = -5*a. Calculate the remainder when a is divided by 16.
14
Let s = -5 - -4. Let m be 5 - (3 + s + -1). Suppose -m*d + 13 = 2*p - 13, -4*p = -d - 16. Calculate the remainder when 13 is divided by p.
3
Let s(t) = 7*t - 18. Calculate the remainder when s(5) is divided by 4.
1
Suppose 0 = 6*t - 224 + 68. Let q = 22 - 13. What is the remainder when t is divided by q?
8
Let i(p) = p**3 - 3*p + 1. Let y be i(2). Let s = 42 - 42. Suppose s*a - a = 2*f - 107, y = a. What is the remainder when f is divided by 18?
16
Let m = 68 + -46. Calculate the remainder when ((-86)/(-6))/(1/3) is divided by m.
21
Let p(r) = r**2 - 6*r - 4. Let i(g) = -9*g - 33. What is the remainder when i(-6) is divided by p(8)?
9
Suppose 0 = m + m + y - 4, 3*m + 4*y - 6 = 0. What is the remainder when 2 is divided by m?
0
Suppose -4*x = -0*x - 168. What is the remainder when x is divided by 11?
9
Let w(s) be the third derivative of 4*s**5/15 + s**4/24 - s**3/6 - s**2. What is the remainder when w(1) is divided by 6?
4
Let z = -20 + 28. Let d = -8 + 14. What is the remainder when z is divided by d?
2
Suppose -5*g - 4*r = -30, 2 - 20 = -4*g - 2*r. Let k = 2 - g. What is the remainder when (-1)/(-1) - (k - 24) is divided by 13?
12
Let z(i) = 4*i - 4. Let h(f) = f. Let y(q) = -6*h(q) + z(q). What is the remainder when 27 is divided by y(-9)?
13
Let m(q) = -q**2 - 9*q - 4. Suppose -2*s - 2 = -0*s, -t + 5*s + 58 = 0. Calculate the remainder when t is divided by m(-6).
11
Let p = -46 - -67. What is the remainder when 17/2 - p/14 is divided by 3?
1
Calculate the remainder when 85 is divided by 2/(-12)*-2*330/10.
8
Let v = 4 - -10. Let u = v - -14. What is the remainder when 82 is divided by u?
26
Let p(i) = -7*i + i**2 + 3 - 3 - 5 + 2*i. What is the remainder when p(7) is divided by 4?
1
Suppose -130 = -5*h - 5*w, 2*h - 24 = w + 31. What is the remainder when h is divided by 15?
12
Let p = 78 - 28. Let v = p + 8. What is the remainder when v is divided by 20?
18
Let r(k) = k. Let c be r(0). Suppose c = -4*p + 39 + 5. Calculate the remainder when 32 is divided by p.
10
Let k(c) = c**3 - 6*c**2 - 2*c + 4. Let j be k(4). Let h = 222 - 157. Let s = j + h. What is the remainder when s is divided by 10?
9
Let g(l) = -l - 1. What is the remainder when g(-5) is divided by 2?
0
Let q be (8/10)/((-8)/(-140)). Suppose -2*k + x = 2, -q = 5*k - 0*x + 2*x. What is the remainder when 2 is divided by (2/(-4))/(k/4)?
0
Let l(z) = 2*z**2 + 6*z - 1. Suppose 11 = -5*w - 5*t - 4, 21 = -4*w - t. What is the remainder when 67 is divided by l(w)?
32
Let m = 6 + -4. Suppose q - 2 - 1 = -m*p, 0 = -3*p - 2*q + 4. Suppose -5*a - 30 = p*n - 85, -3*a = n - 32. What is the remainder when 16 is divided by a?
7
Let d(j) = 6*j**2 + 2*j - 1. Let z be d(1). Let u = 39 - z. What is the remainder when u is divided by 17?
15
Suppose 105 = -142*n + 147*n. Calculate the remainder when n is divided by 12.
9
Suppose -2*g + 3*f + f = -36, -3*g + 27 = 3*f. What is the remainder when 20 - (-2)/((-8)/(-12)) is divided by g?
11
Let z(l) = -l**3 + 12*l**2 - 3*l - 13. Let a be z(11). Suppose -6*k - a = -7*k. Let q = 142 - k. What is the remainder when q is divided by 23?
21
Let w(c) = 3*c - 13. What is the remainder when 67 is divided by w(10)?
16
Suppose 5*z - 61 + 11 = 0. What is the remainder when 55 is divided by z?
5
Suppose 6 = 3*w - 6. Suppose -w*q + p = -0*p - 172, -p = -q + 43. What is the remainder when -2 + 2 + 1*q is divided by 15?
13
Let p(g) = -g**2 + 3*g + 2. Suppose -3*w + 14 = 4*s + s, 0 = -5*w - 3*s + 18. What is the remainder when p(w) is divided by 1?
0
Let b = 37 - -1. Suppose -3*q - 3 = -33. Calculate the remainder when b is divided by q.
8
Suppose 9*j - j = 312. What is the remainder when j is divided by 21?
18
Suppose 0 = 5*x - 275 + 85. Suppose 17 - 4 = m. Calculate the remainder when x is divided by m.
12
Suppose 2*t = 3*t - 6. What is the remainder when 7 is divided by (-4)/t - (-56)/12?
3
Let r(z) = -z**3 - 7*z**2 - 3*z + 5. What is the remainder when r(-7) is divided by 9?
8
Suppose -5*z - 79 = -189. Let n(a) = 9*a**3 - 3*a**2 - a + 5. What is the remainder when n(2) is divided by z?
19
Suppose 4*j + w - 51 - 2 = 0, 3*j = -w + 41. Suppose -3*s - 5*f = -10, 3*s - 2 = -f + j. Suppose 3 = 4*y - 3*y. Calculate the remainder when s is divided by y.
2
Suppose -77*t + 75*t = -62. Let r(s) = -s**3 - 5*s**2 - 3*s + 1. Calculate the remainder when t is divided by r(-5).
15
Let l(u) = 31*u**2 - 1. What is the remainder when 118 is divided by l(-1)?
28
Let x(o) = o**2 + 5*o - 3. What is the remainder when 43 is divided by x(-7)?
10
Suppose 0*s - 8 = -s. Calculate the remainder when 22 is divided by s.
6
Suppose -2*u + 216 = -5*i, -3*u - 2*i = u - 384. What is the remainder when u is divided by 25?
23
Let u = 16 + -9. Let r = u + 6. What is the remainder when r is divided by 5?
3
Let a = 4 + 1. Suppose w